{"id":33,"date":"2014-09-25T10:16:29","date_gmt":"2014-09-25T10:16:29","guid":{"rendered":"http:\/\/www.vartiosaari.fi\/kehitys\/?page_id=33"},"modified":"2025-02-18T13:13:58","modified_gmt":"2025-02-18T11:13:58","slug":"vartiosaari-info","status":"publish","type":"page","link":"https:\/\/www.vartiosaari.fi\/uudet_sivut\/vartiosaari-info\/","title":{"rendered":"Vartiosaari-info"},"content":{"rendered":"<p class=\"isootsikko\"><span class=\"isootsikko\"><strong>Vartiosaari-info<\/strong><\/span><\/p>\n<p>Vartiosaari on hyv\u00e4 ehdokas Suomen hienoimmaksi neli\u00f6kilometriksi. Saarella yhdistyv\u00e4t kompaktissa paketissa luontotyyppien ja topografian monipuolisuus, merellinen kansallismaisema, ehe\u00e4n\u00e4 s\u00e4ilynyt rakennusperint\u00f6kokonaisuus ja erilaisten yleishy\u00f6dyllisten toimijoiden kirjo. Helsingin kaupunginvaltuusto hyv\u00e4ksyi 13.11.2024 Vartiosaaren suojelevan osayleiskaavan, jonka mukaan saareen perustetaan kolme laajaa luonnonsuojelualuetta ja saari osoitetaan selkein reunaehdoin virkistysk\u00e4ytt\u00f6\u00f6n.<\/p>\n<p><strong>Saaren luonnonoloista<\/strong><\/p>\n<p>Vartiosaari sijaitsee It\u00e4-Helsingiss\u00e4 Laajasalon ja Tammisalon kainalossa. Linnuntiet\u00e4 matkaa Senaatintorille on seitsem\u00e4n kilometri\u00e4. Saari on pinta-alaltaan runsaat 80 hehtaaria ja pituusmitoiltaan <a href=\"https:\/\/www.vartiosaari.fi\/uudet_sivut\/wp-content\/uploads\/2014\/09\/IMG_0025.jpg\"><img loading=\"lazy\" decoding=\"async\" class=\"alignright wp-image-107 size-medium\" src=\"https:\/\/www.vartiosaari.fi\/uudet_sivut\/wp-content\/uploads\/2014\/09\/IMG_0025-300x168.jpg\" alt=\"IMG_0025\" width=\"300\" height=\"168\" srcset=\"https:\/\/www.vartiosaari.fi\/uudet_sivut\/wp-content\/uploads\/2014\/09\/IMG_0025-300x168.jpg 300w, https:\/\/www.vartiosaari.fi\/uudet_sivut\/wp-content\/uploads\/2014\/09\/IMG_0025.jpg 1024w\" sizes=\"auto, (max-width: 300px) 100vw, 300px\" \/><\/a>noin 1300 metri\u00e4 kertaa 700 metri\u00e4. Korkeimmat kallioyl\u00e4ng\u00f6t ovat saaren it\u00e4- ja pohjoisosissa huippujen ylt\u00e4ess\u00e4 runsaaseen 30 metriin merenpinnasta.<\/p>\n<p>Luontotyyppien m\u00e4\u00e4r\u00e4 on suuri. Mets\u00e4tyypit vaihtelevat lehdoista tuoreisiin kankaisiin ja j\u00e4k\u00e4l\u00e4karukkoihin. N\u00e4iden ohella on muun muassa maaduntaluhtaa, laidunniitty\u00e4, soistumaa, jalopuupuistikkoa ja avokalliota. Helsingin luontotietoj\u00e4rjestelm\u00e4n mukaan yli puolet saaren pinta-alasta on arvokkaita luontokohteita (kasvillisuus, mets\u00e4t, geologia, linnusto), mink\u00e4 lis\u00e4ksi koko saari on luokiteltu t\u00e4rke\u00e4ksi lepakkokohteeksi.<\/p>\n<p>Yli 80 prosenttia saaren metsist\u00e4 on todettu Etel\u00e4-Suomen mets\u00e4luonnon monimuotoisuusohjelman (METSO) kriteerien mukaisiksi arvometsiksi. Alueella on runsaasti v\u00e4hint\u00e4\u00e4n 150-vuotiaita kilpikaarnam\u00e4ntyj\u00e4 ja sielt\u00e4 on tavattu muun muassa harvinainen aarniolaji salok\u00e4\u00e4p\u00e4\u00e4. Suomen ainoa tunnettu rantaruttojuuren kasvupaikka sijaitsee etel\u00e4rannalla. Saari on oleellinen osa p\u00e4\u00e4kaupunkiseudun viherkeh\u00e4\u00e4.<\/p>\n<p><strong>Toiminnot, historia ja kulttuuriarvot<\/strong><\/p>\n<p>Vartiosaaren 57 huvilasta runsaat puolet on Helsingin kaupungin omistamia ja vuokralla erilaisille toimijoille, kuten kes\u00e4nuorisotalolle, asunnottomien virkistyspaikalle, pitopalveluyritt\u00e4j\u00e4lle, taiteilijoille, pienperheyhdistykselle, Akavalle ja lastensuojelun toimintakeskukselle. Kuudella isoimmalla toimijalla on <a href=\"https:\/\/www.vartiosaari.fi\/uudet_sivut\/wp-content\/uploads\/2014\/09\/IMG_8808.jpg\"><img loading=\"lazy\" decoding=\"async\" class=\"alignright wp-image-146 size-medium\" src=\"https:\/\/www.vartiosaari.fi\/uudet_sivut\/wp-content\/uploads\/2014\/09\/IMG_8808-225x300.jpg\" alt=\"IMG_8808\" width=\"225\" height=\"300\" srcset=\"https:\/\/www.vartiosaari.fi\/uudet_sivut\/wp-content\/uploads\/2014\/09\/IMG_8808-225x300.jpg 225w, https:\/\/www.vartiosaari.fi\/uudet_sivut\/wp-content\/uploads\/2014\/09\/IMG_8808.jpg 768w\" sizes=\"auto, (max-width: 225px) 100vw, 225px\" \/><\/a>10 000 vuotuista k\u00e4vij\u00e4\u00e4.<\/p>\n<p>Sillattomana s\u00e4ilynyt Vartiosaari edustaa parinkymmenen ymp\u00e4rivuotisen asukkaansa kera nykymaailmassa harvinaiseksi k\u00e4ynytt\u00e4 saaristolaisel\u00e4m\u00e4nmuotoa. Kes\u00e4huviloiden rakentaminen alkoi h\u00f6yryalusliikenteen my\u00f6t\u00e4 1800-luvun lopulla ja jatkui 1900-luvun alkuvuosikymmenin\u00e4. Niiden rinnalla harjoitettiin maanviljelyst\u00e4. Museovirasto on luokitellut Vartiosaaren valtakunnallisesti merkitt\u00e4v\u00e4ksi rakennetuksi kulttuuriymp\u00e4rist\u00f6ksi.<\/p>\n<p><strong>Kaikille avoin<\/strong><\/p>\n<p>Koko saari on pihapiirej\u00e4 lukuun ottamatta kaikille avointa virkistysaluetta. Saarella sijaitsee yleis\u00f6n suosima el\u00e4intalli ja valtakunnallisesti uudentyyppinen terveysluontopolku. Vartiosaareen kulkee kev\u00e4\u00e4st\u00e4 syksyyn Suomen Saaristokuljetuksen yhteysalus. Talvisin saari on j\u00e4\u00e4retkeilij\u00f6iden suosiossa.<\/p>\n<p>Info seurasta ja vaihtoehtoisesta osayleiskaavasta<\/p>\n<p><strong>Vartiosaari-seura ry.<\/strong><\/p>\n<p>Vartiosaari-seura ry. on vuonna 1994 perustettu kaupunginosayhdistys, joka edustaa Vartiosaaressa asuvia, vapaa-aikaansa viett\u00e4vi\u00e4 tai siit\u00e4 muuten kiinnostuneita ihmisi\u00e4 ja organisaatioita. Seuran tarkoitus on lis\u00e4t\u00e4 kest\u00e4v\u00e4ll\u00e4 tavalla saaren tunnettavuutta, saavutettavuutta ja kehitt\u00e4mist\u00e4. J\u00e4seni\u00e4 seuralla on noin 80. Uudet j\u00e4senet ovat tervetulleita mukaan!<\/p>\n","protected":false},"excerpt":{"rendered":"<p>Vartiosaari-info Vartiosaari on hyv\u00e4 ehdokas Suomen hienoimmaksi neli\u00f6kilometriksi. Saarella yhdistyv\u00e4t kompaktissa paketissa luontotyyppien ja topografian monipuolisuus, merellinen kansallismaisema, ehe\u00e4n\u00e4 s\u00e4ilynyt rakennusperint\u00f6kokonaisuus ja erilaisten yleishy\u00f6dyllisten toimijoiden kirjo. Helsingin kaupunginvaltuusto hyv\u00e4ksyi 13.11.2024 Vartiosaaren suojelevan osayleiskaavan, jonka mukaan saareen perustetaan kolme laajaa luonnonsuojelualuetta ja saari osoitetaan selkein reunaehdoin virkistysk\u00e4ytt\u00f6\u00f6n. Saaren luonnonoloista Vartiosaari sijaitsee It\u00e4-Helsingiss\u00e4 Laajasalon ja Tammisalon kainalossa&#8230;. <\/p>\n<div class=\"link-more\"><a href=\"https:\/\/www.vartiosaari.fi\/uudet_sivut\/vartiosaari-info\/\">Read More<\/a><\/div>\n","protected":false},"author":5,"featured_media":1871,"parent":0,"menu_order":0,"comment_status":"closed","ping_status":"open","template":"","meta":{"footnotes":""},"class_list":["post-33","page","type-page","status-publish","has-post-thumbnail","hentry"],"jetpack_sharing_enabled":true,"_links":{"self":[{"href":"https:\/\/www.vartiosaari.fi\/uudet_sivut\/wp-json\/wp\/v2\/pages\/33","targetHints":{"allow":["GET"]}}],"collection":[{"href":"https:\/\/www.vartiosaari.fi\/uudet_sivut\/wp-json\/wp\/v2\/pages"}],"about":[{"href":"https:\/\/www.vartiosaari.fi\/uudet_sivut\/wp-json\/wp\/v2\/types\/page"}],"author":[{"embeddable":true,"href":"https:\/\/www.vartiosaari.fi\/uudet_sivut\/wp-json\/wp\/v2\/users\/5"}],"replies":[{"embeddable":true,"href":"https:\/\/www.vartiosaari.fi\/uudet_sivut\/wp-json\/wp\/v2\/comments?post=33"}],"version-history":[{"count":10,"href":"https:\/\/www.vartiosaari.fi\/uudet_sivut\/wp-json\/wp\/v2\/pages\/33\/revisions"}],"predecessor-version":[{"id":2989,"href":"https:\/\/www.vartiosaari.fi\/uudet_sivut\/wp-json\/wp\/v2\/pages\/33\/revisions\/2989"}],"wp:featuredmedia":[{"embeddable":true,"href":"https:\/\/www.vartiosaari.fi\/uudet_sivut\/wp-json\/wp\/v2\/media\/1871"}],"wp:attachment":[{"href":"https:\/\/www.vartiosaari.fi\/uudet_sivut\/wp-json\/wp\/v2\/media?parent=33"}],"curies":[{"name":"wp","href":"https:\/\/api.w.org\/{rel}","templated":true}]}}